{"id":45,"date":"2017-10-27T17:05:30","date_gmt":"2017-10-27T17:05:30","guid":{"rendered":"https:\/\/agendasette.com.br\/?page_id=45"},"modified":"2024-11-22T07:15:26","modified_gmt":"2024-11-22T10:15:26","slug":"quem-somos","status":"publish","type":"page","link":"https:\/\/agendasette.com.br\/?page_id=45","title":{"rendered":"Quem somos"},"content":{"rendered":"<p>O projeto <strong>Agenda Sette<\/strong> come\u00e7ou a ser desenvolvido em 2017 por estudantes do 6\u00ba semestre do curso de Jornalismo da Universidade de Franca (Unifran) e entrou no ar em maio de 2018, sob a orienta\u00e7\u00e3o dos professores Fabr\u00edcio Coelho, Igor Savenhago e Jos\u00e9 Augusto Reis. Atualmente, o Editor de Publica\u00e7\u00f5es \u00e9 o professor <a href=\"https:\/\/lattes.cnpq.br\/3902874128810762\">Glauco Madeira de Toledo<\/a>, sob a dire\u00e7\u00e3o da professora Fabiana Parpinelli, coordenadora do curso.<\/p>\n<p>O objetivo \u00e9 a publica\u00e7\u00e3o de reportagens sobre Franca-SP, cidades do entorno e at\u00e9 de outras localidades do pa\u00eds e do exterior, mas com impacto local\/regional, e que tenham, como proposta, a busca de um olhar alternativo aos discursos jornal\u00edsticos mais comuns, priorizando a inova\u00e7\u00e3o e o pensar sobre temas contempor\u00e2neos que impactam a conviv\u00eancia entre as pessoas e destas com o ambiente, e sobre as pr\u00f3prias pr\u00e1ticas jornal\u00edsticas, j\u00e1 que, na universidade, esse tipo de discuss\u00e3o encontra fomento pelo fato de n\u00e3o ser t\u00e3o dependente das regras de mercado e de influ\u00eancias pol\u00edticas.<\/p>\n<p>O nome do projeto deriva do conceito de agendamento (Agenda Setting), cuja ideia central \u00e9 a de que o uso das m\u00eddias de alta capacidade de reprodu\u00e7\u00e3o t\u00e9cnica (TV, r\u00e1dio, internet, etc) est\u00e3o frequentemente presentes na vida dos indiv\u00edduos, tendo, como consequ\u00eancia, a repeti\u00e7\u00e3o de conte\u00fados com pouca reflex\u00e3o.<\/p>\n<p>Logo, o <strong>Agenda Sette<\/strong> prop\u00f5e 7 editorias que fujam dessa l\u00f3gica industrial de elabora\u00e7\u00e3o de not\u00edcias &#8211; que se compromete apenas com a transmiss\u00e3o de informa\u00e7\u00e3o e cumprimento de prazos &#8211;\u00a0e sejam um espa\u00e7o de debates, cr\u00edticas e\u00a0(re)constru\u00e7\u00e3o social.<\/p>\n<p>Al\u00e9m das reportagens principais, o site concentra outras produ\u00e7\u00f5es do curso, como v\u00eddeos, \u00e1udios e materiais em PDF elaborados a partir de 2016.<\/p>\n","protected":false},"excerpt":{"rendered":"<p>O projeto Agenda Sette come\u00e7ou a ser desenvolvido em 2017 por estudantes do 6\u00ba semestre do curso de Jornalismo da<\/p>\n","protected":false},"author":1,"featured_media":0,"parent":0,"menu_order":0,"comment_status":"closed","ping_status":"closed","template":"","meta":{"footnotes":""},"class_list":["post-45","page","type-page","status-publish","hentry"],"_links":{"self":[{"href":"https:\/\/agendasette.com.br\/index.php?rest_route=\/wp\/v2\/pages\/45","targetHints":{"allow":["GET"]}}],"collection":[{"href":"https:\/\/agendasette.com.br\/index.php?rest_route=\/wp\/v2\/pages"}],"about":[{"href":"https:\/\/agendasette.com.br\/index.php?rest_route=\/wp\/v2\/types\/page"}],"author":[{"embeddable":true,"href":"https:\/\/agendasette.com.br\/index.php?rest_route=\/wp\/v2\/users\/1"}],"replies":[{"embeddable":true,"href":"https:\/\/agendasette.com.br\/index.php?rest_route=%2Fwp%2Fv2%2Fcomments&post=45"}],"version-history":[{"count":23,"href":"https:\/\/agendasette.com.br\/index.php?rest_route=\/wp\/v2\/pages\/45\/revisions"}],"predecessor-version":[{"id":2996,"href":"https:\/\/agendasette.com.br\/index.php?rest_route=\/wp\/v2\/pages\/45\/revisions\/2996"}],"wp:attachment":[{"href":"https:\/\/agendasette.com.br\/index.php?rest_route=%2Fwp%2Fv2%2Fmedia&parent=45"}],"curies":[{"name":"wp","href":"https:\/\/api.w.org\/{rel}","templated":true}]}}